 -j*y - 0*x + 75, 0 = -y - 3*x + 15. Calculate the highest common divisor of y and 27.
9
Let l be 0 - -4*5/20. Let v be ((-1)/l - (18 - 16)) + 102. Calculate the greatest common divisor of v and 36.
9
Let l = -149174 + 149274. Let d be 38 - 0 - (5 + -7). Calculate the highest common divisor of d and l.
20
Suppose 0 = 3*o - 5*y - 363, o - 2*y = 3*o - 258. Suppose 2*n = -0*n + 2*c + o, 3*c = 0. Let i = 199 - 192. What is the greatest common factor of n and i?
7
Let w(a) = 4*a - 6. Let h be w(1). Let r be 40/h*(-13)/((-195)/(-6)). Let f be (10 - 0)*(-56)/(-10). What is the greatest common factor of f and r?
8
Suppose 12*m + 3 - 390 = 45. Calculate the highest common divisor of m and 1818.
18
Suppose -3*r + 11438 = 4*a, 4569*r - 3*a = 4568*r + 3791. Calculate the highest common divisor of 88 and r.
22
Let i be (-480)/((-10)/4 + 1). Let b be -44*22/132*(-1 + -2) - -2. Calculate the greatest common divisor of b and i.
8
Let i = 33149 + -33077. Suppose -z + 863 - 287 = -5*g, -4*z - 2*g + 2304 = 0. Calculate the greatest common divisor of i and z.
72
Let k(z) = 283*z - 14605. Let y be k(67). What is the highest common divisor of y and 6732?
396
Let g = 1404 + -434. Calculate the greatest common factor of 194 and g.
194
Let n be -3*(-5)/(2*2 + 72/(-24)). What is the highest common divisor of 1255 and n?
5
Let n(d) = -d**2 + 31*d - 12. Let s be n(24). Let h = 201 - s. Calculate the highest common factor of h and 495.
45
Let f = 4788 - 4484. What is the greatest common factor of 5624 and f?
152
Suppose 0 = 18*y + 413 - 4193. Calculate the highest common divisor of 1190 and y.
70
Let u = 110 - 104. Let t be (-44)/u*(-18)/12. Calculate the highest common divisor of 143 and t.
11
Suppose a + 10 = 3*a, 2280 = 5*z - 4*a. Suppose z = -15*c + 1405. What is the greatest common divisor of 21 and c?
21
Let b(t) = -t**3 - 15*t**2 + 39*t + 5. Let d be b(-17). Let f be (-28)/d*196 + 3/(-5). What is the greatest common divisor of 17 and f?
17
Let w = -180 - -176. Let x = 9 + w. Calculate the highest common divisor of x and 35.
5
Let g(o) = 24 - 2*o - 34 + 3*o + 0*o. Let v be g(19). Calculate the greatest common divisor of v and 72.
9
Suppose 504 = -28*p + 10*p. Let v be 4*((-8)/p + (-165)/(-84)). What is the highest common factor of v and 99?
9
Let b = 18 - 5. Let a(u) = 19*u**3 + 35*u**2 + 19*u - 31. Let m be a(2). Calculate the greatest common divisor of b and m.
13
Let p(f) = 643*f**3 - 7*f**2 - 7*f + 14. Let c be p(1). Calculate the highest common factor of 1 and c.
1
Let a(g) = -g**3 - 14*g**2 - 14*g - 17. Let q = -50 - -37. Let v be a(q). Let p be (v/(-10))/((-1)/(-35)). What is the greatest common factor of p and 7?
7
Let k(l) = -l**2 - 4*l + 11. Let v be k(-5). Let b be v/((-4)/(-14) - 0). Let d(c) = 227*c + 4. Let a be d(1). What is the greatest common factor of b and a?
21
Let f be -1*(1 + 14*-4). Let z(o) = -o - 27. Let h be z(-9). Let p = h + 23. What is the greatest common divisor of f and p?
5
Let z be ((-1296)/504)/((-18)/84). Suppose -6 - 4 = -g. Let h = 18 - g. What is the greatest common factor of z and h?
4
Let p be -12 - (-368670)/90 - (-4)/6. What is the highest common divisor of 114 and p?
19
Suppose 0 = 7*t - 447 + 27. Let g(r) = 3*r - 5*r**2 + r**3 - 3*r - 2*r. Let x be g(6). Calculate the highest common divisor of x and t.
12
Let u = -412 + 412. Suppose -v - q = 3*q - 13, -2*v - 4*q + 34 = u. What is the greatest common factor of v and 27?
3
Let l = -62 - -322. Calculate the highest common divisor of l and 30.
10
Let i be (340/(-7))/(14/(-49)). Suppose -5*y - 20 = 3*g - 178, 0 = -3*g - 3*y + 156. Let v = g + 17. What is the greatest common factor of i and v?
34
Suppose -6*l + 48518 - 14168 = 0. What is the greatest common divisor of 25 and l?
25
Suppose 79*s + 224 = 93*s. Let b(x) = 17*x + 26. Let c be b(6). What is the greatest common factor of s and c?
16
Suppose 0 = 4*r + 16, 3*n + 2*n = 2*r + 53. Let g(u) = -12 + 24 - 26 + 4*u. Let s be g(5). What is the greatest common factor of s and n?
3
Suppose 29*o + 655 - 7006 = 0. What is the highest common factor of 2701 and o?
73
Let i be (-936)/(-72)*2/2. Suppose -7*o + 11*o - 416 = 0. Calculate the highest common factor of i and o.
13
Let n = 446 - 566. Let p be 317/5 - (-8)/n*6. What is the highest common divisor of 9 and p?
9
Suppose 5*z + 1 - 10 = m, -4*z - 12 = 4*m. Let u be z*(16*1 - -1). Suppose -n + 88 = -8*w, 45 = 3*w + 27. Calculate the highest common divisor of n and u.
17
Suppose 0 = 41*a - 494 - 203. What is the greatest common divisor of a and 340?
17
Let u(g) = 2*g + 11. Let z be u(2). Suppose 5*y - 2*r = 24, -y + 3*r = 5*r - 12. Let c be 108 - (y + -1 + -2). What is the highest common divisor of z and c?
15
Suppose -3*h + 3*o + 279 + 192 = 0, 3*h - o = 475. Let k be (-820)/(-16) + 2 + 4/(-16). Calculate the greatest common factor of h and k.
53
Let c(x) = x**2 - 22*x + 10. Let a be c(22). Let y(z) = 23 - a - 14 + z**2. Let o be y(4). What is the greatest common divisor of o and 15?
15
Let s = 3663 + -3112. Calculate the highest common divisor of 2033 and s.
19
Let l(u) be the third derivative of -2*u**2 - 1/6*u**3 + 8/5*u**5 + 0*u**4 + 0*u + 0. Let z be l(1). Calculate the greatest common factor of 19 and z.
19
Let t = 1786 + -1762. Let s(q) = -11*q + 1. Let b be 10/(-6) - (-2)/3. Let v be s(b). What is the highest common factor of v and t?
12
Let c(p) = -p**3 - 8*p**2 - 10*p - 64. Let k be c(-8). Suppose 3800 = 10*z + 120. What is the greatest common divisor of k and z?
16
Let o = 29561 - 29257. What is the highest common factor of o and 1026?
38
Let h = 7510 + -7038. Calculate the highest common factor of 2006 and h.
118
Let z = 17984 - 8012. What is the highest common divisor of 36 and z?
36
Let r be 8463/21 + (-1)/(4/(-32)). Calculate the highest common divisor of r and 9.
3
Let k(d) = d**3 - 4*d**2 + 2*d - 9. Let w be k(4). Let m be (4 + -7)/(2/(-6)). Let l = w + m. Calculate the greatest common factor of l and 88.
8
Suppose 0*j + 532 = -4*j. Let i be j/(-9) - (-2)/9. Let q be (-5)/i - (-14)/6. What is the highest common divisor of q and 10?
2
Suppose 22*s = -25*s + 2256. Suppose 3*a = 2*a + 4. What is the greatest common factor of s and a?
4
Let c = 104 - 102. Let y be 43285/75 - c - 2/15. What is the highest common factor of 23 and y?
23
Suppose 164 = -148*n + 150*n. Suppose -4*p = -n - 94. Calculate the greatest common factor of p and 1012.
44
Let w = 3511 + -3493. Calculate the greatest common divisor of w and 477.
9
Suppose 11*a + 1204 = 6704. What is the greatest common factor of a and 8?
4
Suppose -m + 180 = 2*k - 5*m, 0 = -4*m - 12. Let w = k + -78. Suppose 2*v - 4*v - 82 = -5*d, -v = -3*d + 50. Calculate the greatest common factor of d and w.
6
Suppose -756*v = -375*v - 349*v - 96. Let g(l) = -8*l. Let b be g(-1). What is the greatest common factor of v and b?
1
Let h = -2740 + 3864. Calculate the greatest common divisor of 10397 and h.
281
Let l(k) = 9*k**2 + 71*k + 136. Let w be l(-2). Calculate the highest common factor of w and 3210.
30
Suppose -10*s - 5 = -75. Let f be (8 + -3 - 6) + s. What is the highest common factor of 27 and f?
3
Let r(y) = y**2 + 10*y - 6. Let o be r(-10). Let z = 0 - o. Suppose z*v = 892 + 158. Calculate the highest common divisor of 25 and v.
25
Suppose 0 = 3*d + 5*j - 21493, 16146 = 4*d + 3*j - 12537. Calculate the highest common factor of 273 and d.
39
Suppose 4*y = -20, -4*v - 5*y + 6150 = v. What is the highest common factor of v and 532?
19
Let q = 5 - 2. Let n(o) = 5*o**2 + 5*o + 40. Let t be n(-5). Suppose q*v = v + t. What is the highest common factor of v and 10?
10
Let c(n) = 369*n + 77. Let l be c(4). Suppose -6*r - l = -7475. What is the highest common divisor of r and 21?
21
Let f be 14749/119 - (-9)/153. Calculate the greatest common divisor of f and 5332.
124
Let w = 2565 + -2509. What is the greatest common factor of w and 208?
8
Let s = 14727 - 14705. What is the highest common factor of s and 52756?
22
Let d(u) = 4*u - 8. Let c be d(4). Let m be (-6)/c + (-190)/(-8). Suppose -46 = -q - 3*z, 33 = q + z - 13. What is the highest common divisor of m and q?
23
Suppose j = -5*h - 190 + 229, 9 = -h - 3*j. Let i(g) = g**3 - 2*g**2 + 2*g + 2. Let r be i(7). What is the highest common divisor of r and h?
9
Suppose 0 = 4*i -